 thousands digit of 18779?
8
What is the units digit of 892824?
4
What is the tens digit of 2509571?
7
What is the hundred thousands digit of 411516?
4
What is the hundred thousands digit of 179827?
1
What is the ten thousands digit of 3280761?
8
What is the hundreds digit of 841269?
2
What is the thousands digit of 8773320?
3
What is the hundreds digit of 97636?
6
What is the hundreds digit of 488618?
6
What is the tens digit of 2665?
6
What is the ten thousands digit of 130597?
3
What is the units digit of 24432225?
5
What is the thousands digit of 1188990?
8
What is the units digit of 19734656?
6
What is the millions digit of 30922042?
0
What is the units digit of 1064056?
6
What is the millions digit of 17916332?
7
What is the thousands digit of 22414226?
4
What is the tens digit of 258074?
7
What is the hundreds digit of 1101372?
3
What is the millions digit of 1471679?
1
What is the millions digit of 14614101?
4
What is the hundreds digit of 1151313?
3
What is the ten thousands digit of 27139?
2
What is the hundred thousands digit of 976280?
9
What is the hundred thousands digit of 15251205?
2
What is the tens digit of 27576475?
7
What is the units digit of 641809?
9
What is the hundreds digit of 7763?
7
What is the ten thousands digit of 252432?
5
What is the hundreds digit of 2573608?
6
What is the hundred thousands digit of 661521?
6
What is the hundreds digit of 148216?
2
What is the thousands digit of 39857?
9
What is the hundreds digit of 757721?
7
What is the tens digit of 475630?
3
What is the units digit of 290950?
0
What is the hundred thousands digit of 2701811?
7
What is the thousands digit of 3372035?
2
What is the ten millions digit of 10152890?
1
What is the tens digit of 20684375?
7
What is the thousands digit of 2007017?
7
What is the tens digit of 12030003?
0
What is the tens digit of 6461663?
6
What is the hundreds digit of 654568?
5
What is the hundreds digit of 658724?
7
What is the units digit of 708306?
6
What is the units digit of 2158983?
3
What is the tens digit of 405662?
6
What is the tens digit of 3611824?
2
What is the thousands digit of 242694?
2
What is the hundreds digit of 4708129?
1
What is the units digit of 965543?
3
What is the hundreds digit of 251050?
0
What is the units digit of 16761308?
8
What is the tens digit of 15067298?
9
What is the thousands digit of 117331?
7
What is the hundreds digit of 958366?
3
What is the hundreds digit of 10518959?
9
What is the thousands digit of 22983?
2
What is the units digit of 6707898?
8
What is the units digit of 521056?
6
What is the hundreds digit of 161187?
1
What is the millions digit of 3872100?
3
What is the thousands digit of 3035258?
5
What is the thousands digit of 79589?
9
What is the hundreds digit of 1981383?
3
What is the hundred thousands digit of 489610?
4
What is the tens digit of 10324650?
5
What is the thousands digit of 58442?
8
What is the ten thousands digit of 2342486?
4
What is the hundred thousands digit of 33664770?
6
What is the thousands digit of 213918?
3
What is the ten thousands digit of 974598?
7
What is the hundreds digit of 5590997?
9
What is the tens digit of 557896?
9
What is the hundred thousands digit of 9623674?
6
What is the units digit of 1517567?
7
What is the units digit of 91127?
7
What is the tens digit of 481865?
6
What is the hundred thousands digit of 1125755?
1
What is the hundred thousands digit of 18602111?
6
What is the tens digit of 303239?
3
What is the thousands digit of 809754?
9
What is the thousands digit of 3432126?
2
What is the thousands digit of 6162017?
2
What is the tens digit of 10081528?
2
What is the thousands digit of 170712?
0
What is the hundred thousands digit of 12036492?
0
What is the millions digit of 34585465?
4
What is the units digit of 901246?
6
What is the ten thousands digit of 4702134?
0
What is the hundred thousands digit of 410268?
4
What is the units digit of 242255?
5
What is the ten thousands digit of 278144?
7
What is the units digit of 3520070?
0
What is the ten thousands digit of 634604?
3
What is the thousands digit of 454373?
4
What is the millions digit of 3263480?
3
What is the units digit of 1061420?
0
What is the tens digit of 20201072?
7
What is the ten thousands digit of 19151185?
5
What is the hundreds digit of 391258?
2
What is the millions digit of 1687834?
1
What is the ten thousands digit of 5998541?
9
What is the hundreds digit of 3885305?
3
What is the units digit of 520133?
3
What is the thousands digit of 47121?
7
What is the ten thousands digit of 8106871?
0
What is the hundred thousands digit of 123222?
1
What is the tens digit of 12511415?
1
What is the hundred thousands digit of 1184305?
1
What is the hundred thousands digit of 184863?
1
What is the hundred thousands digit of 124608?
1
What is the hundred thousands digit of 2992322?
9
What is the hundreds digit of 19270719?
7
What is the hundreds digit of 1492144?
1
What is the hundred thousands digit of 2097140?
0
What is the ten thousands digit of 698587?
9
What is the tens digit of 641736?
3
What is the thousands digit of 297366?
7
What is the hundred thousands digit of 5594423?
5
What is the hundred thousands digit of 1799887?
7
What is the units digit of 241464?
4
What is the ten thousands digit of 495198?
9
What is the ten millions digit of 13565168?
1
What is the ten thousands digit of 255007?
5
What is the hundreds digit of 6936985?
9
What is the tens digit of 167470?
7
What is the units digit of 239350?
0
What is the thousands digit of 1301507?
1
What is the hundreds digit of 818198?
1
What is the tens digit of 263124?
2
What is the hundreds digit of 23211?
2
What is the ten thousands digit of 353610?
5
What is the ten thousands digit of 685433?
8
What is the units digit of 1964571?
1
What is the ten thousands digit of 27240?
2
What is the ten millions digit of 22730475?
2
What is the hundred thousands digit of 27673656?
6
What is the millions digit of 2456170?
2
What is the tens digit of 1166179?
7
What is the units digit of 14281?
1
What is the ten thousands digit of 3014077?
1
What is the ten thousands digit of 5345583?
4
What is the ten thousands digit of 38545?
3
What is the hundred thousands digit of 191856?
1
What is the ten thousands digit of 1233931?
3
What is the hundred thousands digit of 275240?
2
What is the units digit of 1303172?
2
What is the thousands digit of 657996?
7
What is the ten thousands digit of 430755?
3
What is the hundreds digit of 5118831?
8
What is the thousands digit of 883727?
3
What is the millions digit of 8716803?
8
What is the thousands digit of 68886?
8
What is the units digit of 2266814?
4
What is the hundred thousands digit of 202021?
2
What is the tens digit of 237915?
1
What is the thousands digit of 483916?
3
What is the ten thousands digit of 5739968?
3
What is the ten thousands digit of 6513024?
1
What is the units digit of 5839371?
1
What is the hundreds digit of 195618?
6
What is the hundreds digit of 4043926?
9
What is the units digit of 542273?
3
What is the thousands digit of 1187417?
7
What is the tens digit of 7704291?
9
What is the ten thousands digit of 41576?
4
What is the ten thousands digit of 854438?
5
What is the thousands digit of 3624354?
4
What is the ten thousands digit of 1993391?
9
What is the hundreds digit of 226050?
0
What is the hundreds digit of 4112794?
7
What is the ten thousands digit of 288825?
8
What is the millions digit of 4989026?
4
What is the thousands digit of 1780858?
0
What is the tens digit of 433973?
7
What is the thousands digit of 2215374?
5
What is the tens digit of 8670522?
2
What is the hundreds digit of 11911097?
0
What is the tens digit of 759268?
6
What is the tens digit of 304988?
8
What is the ten thousands digit of 4290724?
9
What is the hundreds digit of 1216400?
4
What is the tens digit of 39420983?
8
What is the ten thousands digit of 4135737?
3
What is the tens digit of 437187?
8
What is the hundred thousands digit of 109041?
1
What is the units digit of 197624?
4
What is the millions digit of 1149577?
1
What is the ten thousands digit of 140587?
4
What is the hundreds digit of 1712908?
9
What is the ten millions digit of 19474367?
1
What is the ten thousands digit of 10199440?
9
What is th